 11*b. Is b a prime number?
False
Suppose 0 = q - 2 + 17. Let u = 18 - q. Is (u - 32)/((-2)/(-268)*2) a prime number?
True
Let x(a) = -a**2 - 5*a + 13. Let q be x(-7). Let t be 17/4 + -4*q/(-16). Is (2 + (-10560)/18)/(t/(-6)) a prime number?
True
Let k(g) = -g**2 + 5*g + 5. Let y be k(5). Suppose j = n + n - 4, y*j = -2*n + 16. Suppose 4*w - 4*v = 724, 0 = 4*w - 3*w - j*v - 177. Is w a composite number?
True
Suppose -4*c - 14504 = -3*n, 1 = -2*c - 3. Let y = 8730 - n. Is y prime?
False
Is 14 + 24/4 + 29749 prime?
False
Let z(t) = -5*t**3 - 5*t**2 - 7*t - 1. Let b be 4*4*(-6)/48. Is z(b) a composite number?
True
Let d(l) = l**3 - 7*l**2. Let z be d(7). Suppose 0 = 4*a - 3*v - 17, -2*a + v - 2 = -9. Suppose 2*y - 2*w = 582, z = -a*w + 3 + 1. Is y a composite number?
False
Let m(p) = -194*p + 7513. Is m(0) a composite number?
True
Let f be (-4)/32 + (-47705)/(-8). Let o = -3136 + f. Suppose 0 = 3*i - t - 14975 + o, -3*t = -i + 4052. Is i prime?
True
Let i(t) = 4498*t**2 + 497*t + 13. Is i(-6) a prime number?
True
Let d = 84 - 77. Suppose -d = -v - 3. Suppose 374 = v*w + 5*l, 5*w - 2*l = 3*l + 445. Is w composite?
True
Let n be ((3 - -2) + -2)*(-6)/(-9). Let f(b) = 241*b**3 + 3*b**2 + 24*b - 49. Is f(n) prime?
False
Let t(d) = d**3 - 20*d**2 + 34*d + 38. Let q be t(18). Suppose -12282 = -q*h - 2*w, -3*h + 6137 = -2*h - w. Is h composite?
True
Suppose -2*p = 8, -262*o + 509643 = -261*o + p. Is o composite?
False
Suppose 5*b + 25026 = 4246. Let w = b - -9911. Is w prime?
False
Let o = -9 - -1. Let w(f) = -8*f - 47. Let j(m) = -m - 22. Let u(n) = -7*j(n) + 3*w(n). Is u(o) a prime number?
True
Suppose -23*d + 2252418 = -2288863. Is d prime?
False
Let z = -99 + 177. Let n = z - 586. Is 2/((6/n)/(90/(-24))) a prime number?
False
Let l(c) = -11577*c + 6. Let a be l(-7). Suppose -2*p - 15499 = -a. Is p prime?
False
Let g be (58 - -68282) + 4*1. Suppose -346*v - g = -354*v. Is v a prime number?
True
Let p(q) = -11*q**2 + 6*q - 3. Let v be p(-7). Let l be (-8)/(-3) + (-70)/15 + 5. Is (l - v) + (0 - 0) a composite number?
False
Suppose 2*f = -0*f + 8. Suppose o - a = 330 + 114, f*o + 4*a = 1760. Suppose s - 255 = o. Is s composite?
True
Let v be -1 + (-3 - (-4 - 2)). Let z = -909 - -911. Suppose z*w - 2852 = -v*w. Is w prime?
False
Let w = -1010846 + 1572865. Is w prime?
True
Suppose -3*u - 3 + 0 = o, 5*o - u = -47. Is (1/(-3))/(o/53271) composite?
False
Let s be -6 - (1 - (16 - 3)) - -36. Is (18/189 + 2414366/s)*1 a composite number?
True
Suppose -39238 + 1410663 = 55*a. Is a prime?
False
Let c(h) = 800*h - 98. Let u be c(-4). Is u*((-6)/4)/3 prime?
False
Suppose -3*a - 3*q + 6314 = -2293, -12 = 4*q. Is 46/(22992/a + -8) a composite number?
True
Let u = 236595 - 81832. Is u a composite number?
True
Let w = -122 + 103. Is (-8721)/(6/(-2)) - (w - -15) a prime number?
False
Suppose -5*t + 165829 = -569*m + 572*m, 5*m + 2*t - 276369 = 0. Is m a composite number?
True
Let d = 32 + -42. Let y(b) = -27*b + 52. Let o be y(d). Let x = o + 100. Is x a composite number?
True
Let h(y) = 4802*y + 1361. Is h(20) a prime number?
False
Let z be (-24)/32 + (0 - (-23)/4). Suppose -4*n - z*c = -351, 5*c = -0*c - 5. Let f = 248 - n. Is f prime?
False
Let q(i) be the first derivative of -2129*i**2/2 - 111*i + 169. Is q(-8) composite?
False
Let x = 302 + -169. Suppose 10*i - x = -9*i. Let d(u) = 2*u**3 - 10*u**2 - 11. Is d(i) composite?
True
Let w = 129447 + 58742. Is w composite?
False
Suppose -15*o + 282128 + 433552 = 0. Suppose 4*b - o = 41204. Is b a composite number?
False
Suppose t + 4*t = -l + 2, 0 = -2*l + 5*t + 19. Let s(m) = 8*m**2 + 13*m - 46. Is s(l) prime?
False
Let x be (-144)/240 + (-258)/(-5). Is (-51)/x + (3446 - -1) composite?
True
Let x(w) = -w**3 - 13*w**2 + 16*w + 32. Let l be x(-14). Suppose s = -1, t = -2*t + l*s + 12592. Is (t/2)/(8/4) a prime number?
True
Let z(a) = -110*a - 129. Let u(t) = -t**3 - 5*t**2 + 24*t - 19. Let y be u(-8). Is z(y) composite?
True
Suppose 12 = -m + 7*m. Suppose -14 = 3*j + m*i + 3, j = 5*i. Let f(t) = -166*t + 9. Is f(j) a prime number?
True
Let l = 2 - -1. Suppose 4*n = 4*w - 100, -w + 2 = l*n + 73. Is n/8 + 1 + 321 prime?
False
Let l be (-48)/(-132) + 70/(-11). Is (-2 - (-32)/l)/((-6)/13329) a composite number?
True
Suppose 658*q = 663*q + 3285. Let y = 1850 + q. Is y prime?
True
Is 1*-11 - 1*(-454697 + 23) composite?
True
Suppose 4*n - 17361 = -3*j + 3*n, -3*n - 28949 = -5*j. Is j - (6 - 0)/(-6) prime?
False
Let s(d) = 2*d**2 - 32*d + 23915. Is s(0) composite?
True
Let u(d) = 43*d + 39. Let i = 133 - 117. Is u(i) prime?
True
Suppose -3*r + 3 = -4*r, -3*m = r - 155217. Suppose 0*w - b + m = 2*w, 3*b + 25856 = w. Let j = w + -15997. Is j a composite number?
False
Suppose 425*n + 95882 = 427*n. Is n a composite number?
True
Suppose 452*s - 9671109 - 22267663 = 0. Is s a composite number?
True
Let a(o) = 3*o**2 + 37*o + 15. Let t be a(-12). Is 2777*t/(3 - 0) a composite number?
False
Let c(k) = k**3 + 2*k + 21. Let p(u) = -u**3 + 14*u**2 + 12*u + 45. Suppose -5*o = -5*l + 90, -5*l = -10*l + 4*o + 87. Let t be p(l). Is c(t) prime?
False
Suppose -2390 = 5*f + 3*p - 5*p, 2*p + 478 = -f. Let d = f - -1565. Is d composite?
False
Suppose -6 = -20*s + 18*s. Suppose 20 = 5*t, -3*f = -s*t - 1361 - 658. Is f a prime number?
True
Suppose -9 = 2*v - 3*i, -4*v - 5*i - 29 = -0. Is v/(-11) + (449886/(-22))/(-3) prime?
False
Is ((-6)/36*14 - -3)/(6/4921731) composite?
False
Suppose 0 = 3*b + 3*o - 12, 9*b - 5*o + 17 = 11*b. Is (271 + (-14)/7)/b a composite number?
False
Is 731299 + (-31 - -11) + 8 a prime number?
True
Let l(i) be the second derivative of 1/3*i**4 + 17*i + 0 + 3*i**2 - 3/2*i**3. Is l(-7) prime?
False
Let i(d) = 204*d**2 + 1. Suppose 38 = -5*o + 23. Let p be i(o). Suppose 7*s + p = 5736. Is s a composite number?
False
Let z be (-4)/1 + 10 + -3. Let s(x) = -82*x + 5. Let v be s(-5). Suppose 0 = -2*n + 4*n - z*h - 809, n = -2*h + v. Is n composite?
False
Let q = 11601 - 4242. Let a(h) = -h**2 + 44*h - 37. Let w be a(-53). Let z = q + w. Is z a composite number?
True
Let o be 2082/9*(-6)/(-1). Let a = o + 3159. Is a a prime number?
True
Let n(x) = -4*x**2 + 49*x + 32. Let t be n(34). Let p = 5176 - t. Is p a prime number?
False
Suppose 5*l - m = 100573, -3*l - l + 3*m + 80454 = 0. Suppose -3*h - 5507 = 5*j - l, j - 4870 = -h. Is h a composite number?
False
Suppose 3 = 25*z - 22*z. Is 63/(-21)*((-11588)/6 + z) a composite number?
False
Let q be ((-638)/(-8) - -7) + 6/(-8). Suppose q*c = 87*c - 3. Suppose -9 = -c*k, -3*k + 836 = 4*u - 2009. Is u composite?
False
Suppose 0 = 4*o + 63 + 5. Suppose 3*t = -4*m + 140, -2*t + 30 = -t - 2*m. Let k = t + o. Is k a composite number?
False
Let x(w) = -1756*w**3 + 2*w**2 + w. Suppose 4*s - 5*s = 7. Let q(i) = i**2 + 5*i - 15. Let a be q(s). Is x(a) a composite number?
True
Let q(f) = 14*f**3 - f**2 + 2*f - 5. Let i be q(3). Let d = i + -183. Suppose x - 144 = d. Is x a prime number?
True
Suppose 56 = 21*r - 175. Is (-20)/(-220) + 1/(r/34198) a composite number?
False
Let n(z) = 5*z**2 + 25*z - 95. Let h(j) = -j**2 - 1. Let w(c) = 2*h(c) + n(c). Is w(11) a prime number?
True
Let j(x) = 48*x**2 - 41*x - 889. Is j(-30) prime?
True
Let p = 115451 + -68832. Is p prime?
True
Let h(w) = -w**3 + 21*w**2 + 23*w - 2. Let o be h(19). Suppose -o - 19840 = -9*v. Is v a composite number?
False
Let f(v) be the second derivative of v**4/4 - v**3/6 + 2*v**2 - 12*v. Let t be f(6). Suppose -2*z + 2*b = -72, -4*z + 2*b = -z - t. Is z composite?
True
Let f be (12/(-9))/((-14)/63). Suppose 2*b = b - 3*m - f, -b = m. Is 3 - (12/b - 788) prime?
True
Let k = 74 - 61. Let p(y) = y**3 - 10*y**2 + 7*y - 5. Is p(k) composite?
False
Let n = -50 + 38. Let u be 264342/63 + n/(-126). Suppose 5*p - u = -3*m, -m + 2*m = 2. Is p a composite number?
True
Is ((-44679032)/380)/(2/(-5)) a composite number?
False
Let r be (7090/20)/(2/4). Let v = 398 - r. Let h = v - -560. Is h a prime number?
False
Is (6 - -1) + ((-1084555)/(-1) - 2057/(-121)) composite?
False
Let q = -2123 + 3274. Let u = 2434 - q. Is u a composite number?
False
Suppose 21*h - 3*h - 34067543 = -13*h. Is h a composite number?
False
Suppose 4*p = 3*n + 185, 7*n - 3*n + 30 = p. Suppose -42*b + p*b = 16360. Is b composite?
True
Let w = 11800 - -27229. Is w a composi